4*p - 3. What are the prime factors of l(c)?
3
Let u = -60 + 64. Suppose -2*b + n = -11 - 490, -u*n = -4. List the prime factors of b.
251
Let o = 2644 - 1497. What are the prime factors of o?
31, 37
Let a(b) = 12 - 5 - 4*b + 5 - 7. What are the prime factors of a(-3)?
17
Suppose -139 = -5*j + 4*d, -43 = -4*j + 3*j - 3*d. Let i = j + -21. What are the prime factors of i?
2, 5
Let a(q) = 4*q**2 - 22*q**2 - 11 + q**3 - 3*q + 17*q + 7*q. List the prime factors of a(17).
3, 19
Let i = 26 - 16. Suppose -7*d + 123 = -i*d. Let m = 69 + d. List the prime factors of m.
2, 7
Let p be 206/((9 + -8)*2*1). Suppose -b + p = -28. List the prime factors of b.
131
Suppose 2*c + 4*m - 4 = c, 2*c - 3*m + 3 = 0. Suppose 0 = 2*y - c*y - 146. What are the prime factors of y?
73
Let j be (1035/(-27))/((-1)/(-3)). Let b = -39 - j. Let y = b - 46. What are the prime factors of y?
2, 3, 5
Suppose 3*p + 20*p - 7797 = 0. List the prime factors of p.
3, 113
Suppose g + 55 = -3*h, -5*h + h = -3*g - 191. Let m = -23 - g. What are the prime factors of m?
2, 19
List the prime factors of (-2)/11 + ((-453492)/(-187))/6.
2, 101
Suppose 6*n - 1 = n + r, 2 = -n - 2*r. Suppose v - 5*v + 220 = n. What are the prime factors of v?
5, 11
Suppose -4 = -3*u + 5*u. Let f be (u/4)/(2/(-36)). Suppose 32 = 2*j - 4*q, 2*j - 28 = 5*q + f. What are the prime factors of j?
2, 3
What are the prime factors of 1 + 418 + (7 - (-6 + 16))?
2, 13
Suppose 3517 = 4*w - 1767. List the prime factors of w.
1321
Let p(d) = -d**2 - 27*d + 21. Suppose -5*y - 99 = -y + 3*g, -4*g + 93 = -3*y. List the prime factors of p(y).
3, 7
Suppose -2*h + 58 = 3*h + u, -3*h + 5*u = -18. Let d(j) = 3*j + 5. Let w be d(h). Let r = -22 + w. What are the prime factors of r?
2
Suppose 36 = -2*z + 30. What are the prime factors of -6*(30/25)/(z/10)?
2, 3
Suppose 1305 - 333 = 4*c - 4*b, -3*b + 12 = 0. List the prime factors of c.
13, 19
Let w(d) be the third derivative of -d**5/60 + 2*d**4/3 + 11*d**3/6 + 28*d**2. List the prime factors of w(14).
3, 13
Let o(m) = -4*m + 12. Let t be o(4). List the prime factors of (-2 - 590/t) + 6/4.
3, 7
Let u be -6*5/((-60)/8). Suppose 0 = -w + 1, 328 = u*n - 4*w. List the prime factors of n.
83
Let q = 19 + -31. Let u be (7 + -3)/q*-66. Suppose 4*m + 0 = -2*h + 2, 2*h = 4*m - u. What are the prime factors of m?
3
List the prime factors of 11769*(-9)/(-189) - 6/14.
2, 5, 7
Let d = 42 - 29. Suppose -d*w + 0*w + 1469 = 0. List the prime factors of w.
113
Let p = -2604 - -4728. List the prime factors of p.
2, 3, 59
Suppose -19*l + 1066 = -1404. List the prime factors of l.
2, 5, 13
Suppose -6*d - 2*q = -2*d - 1282, 3*q - 323 = -d. Suppose -59 + d = u. List the prime factors of u.
3, 29
Let g(j) = 44*j**2 + j + 7. List the prime factors of g(-4).
7, 101
Let f(w) = -w**2 - 10*w - 18. Let x be f(-8). Let y(t) = -21*t - 6. List the prime factors of y(x).
2, 3
Let u(q) = -8*q - 17. Let i be u(-10). Suppose -10 = -i*c + 61*c. List the prime factors of c.
5
Let s(r) = 5*r**3 + 6*r - r - r**2 - 4 - 4*r + 3. Let c be s(1). Suppose -6 = -l - 4*g + 35, -5*l + 157 = -c*g. List the prime factors of l.
3, 11
Suppose 14*n = 13*n. Suppose -5*m - 2*q + 371 = 0, -5*m + 3*q = -n*q - 381. What are the prime factors of m?
3, 5
Suppose -6 + 14 = 4*j. Suppose -j*o - 22 = -3*i + 64, -144 = -5*i + 3*o. Suppose 3*q - b = i, 5*q + b - 50 = -b. What are the prime factors of q?
2, 5
Suppose -7*j + 25 = -2*j. Let u = j - 2. Suppose -u*v + 86 - 11 = 0. List the prime factors of v.
5
Let s = 79 + 388. What are the prime factors of s?
467
Suppose -42*k + 35*k = -21. Suppose k*t + 2*t = -2*y + 336, 4*t - 4*y = 280. What are the prime factors of t?
2, 17
Let j be ((-12)/9)/(2/(-15)). Suppose -2*h = -4*v + j, -2*h - 28 = -4*v - 6*h. Suppose 2*p + 12 = i, -64 + 6 = -v*i - 2*p. What are the prime factors of i?
2, 7
Suppose -4*i = 3*r - 332, 123 = r - 3*i + 21. What are the prime factors of (-24)/r + 2 + 4000/18?
2, 7
Suppose -14*l + 2216 + 3482 = 0. List the prime factors of l.
11, 37
List the prime factors of (16232/28)/(28/98).
2029
Suppose 828 = 43*s + 11. What are the prime factors of s?
19
Let w be (7/3)/(1/57). Suppose 649 = 2*v + w. What are the prime factors of v?
2, 3, 43
Let i(a) = -a + 1. Let c(y) = 4*y + 3. Let n(q) = -c(q) - 3*i(q). Let s be n(-5). List the prime factors of (-1 - -2)*s*-45.
3, 5
Let p(k) = 37*k - 38. What are the prime factors of p(8)?
2, 3, 43
Let r(w) = -w**3 + 23*w**2 - 15*w - 33. What are the prime factors of r(15)?
2, 3, 257
Suppose -365*t = -372*t + 1211. List the prime factors of t.
173
Let z(w) = 5 - 2 + 3*w**2 + 1 - 3*w - 2*w**2. Let c(r) = -r**3 - r**2 - 2*r - 3. Let f be c(-2). What are the prime factors of z(f)?
2, 7
Let f be 38/(-5)*20/(-8). Suppose -a + 0*a = f. Let j = a - -46. List the prime factors of j.
3
Let x = -9 + 59. Suppose 5*a + f = 3*f + x, -4*f - 20 = 0. List the prime factors of a.
2
List the prime factors of (885/18)/59 - 3913/(-6).
653
Suppose -2*t - 14 = -2*s + 24, -5*s = 25. Let j be t/9*3/(-1). What are the prime factors of j - 5 - (2 + -2)?
3
Let b(m) = 244*m + 3. Let d be b(2). Suppose z + z = -5*p + d, -2*z + 4*p = -482. List the prime factors of z.
3
Suppose 5*g - 2*w = -40, -23 = 4*g - g - w. What are the prime factors of (460/g)/((-22)/33)?
5, 23
Suppose 4*w = 3*w + 296. Suppose -k = 3*k - w. List the prime factors of k.
2, 37
List the prime factors of (927/(-6) + -2 + 3)*-6.
3, 307
Let z(b) be the second derivative of -11*b**3/6 + 49*b**2/2 - 22*b. List the prime factors of z(-16).
3, 5
Let h = -4 - -536. Let r = h + -345. What are the prime factors of r?
11, 17
Let a = 12 - 10. Let k be ((1*12)/a)/1. What are the prime factors of k/(1/(20/6))?
2, 5
Let b(i) = -2*i**2 - 16*i - 19. Let u be b(-13). Let d = 300 + u. What are the prime factors of d?
151
Let h = 5 - 29. Let a = 77 + h. Suppose -a = -4*d + 4*v + 79, -4*d + 122 = v. What are the prime factors of d?
31
Let s = -1214 + 853. Let l = -250 - s. What are the prime factors of l?
3, 37
Suppose -2*x + 6636 = p, 0 = 53*x - 58*x + p + 16583. List the prime factors of x.
31, 107
Suppose 0 = 5*j + 5*d - 55, -2*j + 4*j = 3*d - 3. Suppose -2*v = j, 3*q = -q + v + 515. What are the prime factors of q?
2
Let o(c) = 128*c - 86. Let k(f) = -65*f + 43. Let i(r) = 11*k(r) + 6*o(r). What are the prime factors of i(5)?
2, 3, 37
Let v = 38 + -36. Suppose -w - 10 = w, -5*w = -v*a + 141. List the prime factors of a.
2, 29
Let v be 6/(-8) - 9/(-12). Suppose 4*c - 1440 = -v*c. List the prime factors of 12/(-10)*c/(-27).
2
Let y(x) be the third derivative of x**5/60 - 5*x**4/24 + 5*x**3/6 - 4*x**2. Let c be y(4). What are the prime factors of 2 + 1 - (-5 + c)?
7
Let f be 204/(-42) + (-2)/14. Let k(g) = -g**2 - 8*g - 11. Let x be k(f). Suppose 2*v - 3*o = 46, x*v + 2*o - 4*o = 108. What are the prime factors of v?
29
Let a(d) = 5*d**3 + 3*d**2 + 4*d + 7. Let u(q) = 6*q**3 + 2*q**2 + 4*q + 6. Let z(b) = 3*a(b) - 4*u(b). What are the prime factors of z(-2)?
3
Let k(i) = 24*i**3 + 5*i**2 - 14*i + 120. What are the prime factors of k(5)?
5, 127
Let j(i) = 26*i - 8*i + 4*i**2 - 9*i - 3*i**2. Let h be j(-9). Suppose -2*q + 4 = h, 5*q + 7 = 5*u + q. List the prime factors of u.
3
Suppose -2*d - 4 = -6. Let o = 256 - 259. What are the prime factors of (16 - 6) + o + d?
2
Let o(m) = -2*m**3 - 4*m**2 - m - 7. Let q be o(-4). Let k = -36 + q. List the prime factors of k.
5
Let q(s) = 3*s**2 + 11*s - 66. What are the prime factors of q(13)?
2, 73
Let y be -18*(3 + 30/(-9)). Let s be 0/(2 + 1) + -3. Let k = s + y. List the prime factors of k.
3
Suppose 5*q - 4848 = -7*q. What are the prime factors of q?
2, 101
Let z(s) = -s**3 - 13*s**2 - 16*s + 8. Let d = 44 + -56. List the prime factors of z(d).
2, 7
Let f = 2787 + -478. What are the prime factors of f?
2309
Let k be (-3 - 4/(-1))*5. What are the prime factors of k*(-1*1 - 69/(-15))?
2, 3
Suppose -321 = -2*w - w. Let p = 196 - w. What are the prime factors of p?
89
Suppose -4*u + 8 = -2*u. Suppose -4*i = -u, -4*v = -i + 88 - 475. What are the prime factors of v?
97
Suppose -8 = -2*g, 0 = -l - 3*l - 4*g + 28. Suppose l*b - 318 = 4*y, -b - 3*y + 106 = -0*y. List the prime factors of b.
2, 53
List the prime factors of (-10)/((-93)/150 + 21/35).
2, 5
Let n = -167 + 1583. List the prime factors o